me number?
True
Suppose -2*u + l + 5034 = -0*u, -2*u + 4*l + 5022 = 0. Suppose 28388 - u = -4*p - 3*c, 4*p - 2*c + 25854 = 0. Is (-1)/(-2 + p/(-3233)) a prime number?
False
Suppose 1986418 = 10*a + 572288. Is a composite?
False
Let c(u) = 43*u**2 + 153*u + 55. Is c(-19) prime?
True
Suppose 0 = 13*h - 16*h - 13*h - 32. Let i = -5267 - -7613. Is (i/(-8) - 4/16)*h a composite number?
False
Let c be 2416*4 + 70/(-10). Suppose 5*u = 2*r + c, -24*u + 5*r = -26*u + 3857. Is u prime?
True
Suppose 4*n - 105136 = -3*s, -11*s + 16*s + 2*n = 175208. Suppose 2*m - s = 4438. Is m composite?
False
Let t = -69295 + 207358. Is t a composite number?
True
Let u(x) = -x + 26 - 16 - 10 - x**3 + 3*x**2. Let p be u(2). Is 2 + -1 + p - -158 a prime number?
False
Let r(f) = 3*f**2 + 15*f + 1. Let a be r(-6). Suppose 3*w - a - 23 = 0. Let p = 83 + w. Is p a prime number?
True
Let b(t) = 152953*t**3 + 3*t**2 - 3*t + 3. Is b(2) a prime number?
True
Suppose -127860 - 156648 = -36*m. Is m composite?
True
Suppose n - 29 = 4*s, 4 = 2*n - 2*s - 24. Let a be -6 + 52/n - (-4)/18. Is -1 + 1 + a - (-406 + -16) a composite number?
True
Let i = 128 - 70. Let o be (-23)/(i/60 + -1). Suppose 5*t - o - 1405 = 0. Is t a composite number?
False
Let d(g) be the second derivative of -117*g**3/2 - 16*g**2 - 5*g + 5. Is d(-19) a prime number?
True
Let x be (-2 + 1)/(2/(-1942)). Let t(h) = -115*h - 1836. Let g be t(-10). Let s = x - g. Is s composite?
False
Suppose -52*a + 1467999 = -43*a. Is a prime?
False
Suppose -9*n - 9 - 18 = 0. Let o(w) = 0 + 230*w**2 + 3*w + 17*w**2 - 4 + w. Is o(n) a composite number?
False
Is (-20)/(-16) + 1029554/24 + 16/(-48) a composite number?
False
Let d(z) = -z**3 + z**2 + 1. Suppose 10*k - 5*k + 21 = -4*r, -2*k - 6 = r. Let f(l) = -148*l**3 + 2*l**2 - 3*l + 4. Let v(t) = r*d(t) + f(t). Is v(-1) prime?
False
Let i = 440 - 449. Is (-3)/(18/(-7544)) - (-3)/i composite?
True
Let o be (-3)/12 + 58/8. Let j(s) = 14*s**2 + 64*s - 32. Let z(x) = -6*x**2 - 26*x + 13. Let b(v) = -5*j(v) - 12*z(v). Is b(o) prime?
False
Let t(b) be the second derivative of 2711*b**4/6 + b**3/2 + 7*b**2/2 - 199*b. Is t(2) composite?
False
Suppose -12*q + 63 + 9 = 0. Suppose 0 = -q*o + 930 - 276. Let c = o + 25. Is c a prime number?
False
Suppose -30932689 = -273*s + 27776234. Is s prime?
True
Let n = -130811 + 218148. Is n composite?
False
Let l(s) = 272128*s**2 - 63*s - 60. Is l(-1) composite?
False
Let i(q) = 30*q**2 - 22*q + 17. Let p be 11 - (12/20 - (-10)/25). Is i(p) prime?
True
Let a(n) = 337*n + 123. Let y be (30/(-9) - -6)*3. Is a(y) composite?
False
Is (-97 + 100)/((-3)/(-44870)) + 1 a prime number?
False
Suppose 4*r = 2*o + 488990, 3*r - 132001 = 3*o + 234731. Is r composite?
False
Let r = -102410 + 281571. Is r composite?
False
Let s(o) = -4*o + 19. Let n be s(6). Let y(z) = 5*z**3 - 1 + 13*z**2 + 14*z + 10 - 6*z**3. Is y(n) prime?
True
Let v = 3473 - 3354. Is v composite?
True
Suppose 5199635 = 47*j + 399403 - 2646307. Is j composite?
True
Suppose 22*p - 96 = 36. Suppose 2*h + 4*s = 282, 2*h - 2*s = p*h - 588. Is h a composite number?
False
Let g = -11539 + 46043. Suppose 0 = 2*h + 4*o - g, 3*h + 18984 = -o + 70725. Is h prime?
False
Let t(j) = 3*j**2 - 20*j - 521. Let a(d) = -d**2 + 5*d. Let n(y) = -a(y) - t(y). Is n(0) a prime number?
True
Is (-25 - (10 - 36))*(355*651 - -2) prime?
True
Let r(s) = s**3 + 3*s**2 - 32*s - 3. Let u be r(-7). Suppose -23*z + u*z - 5554 = 0. Is z composite?
False
Let k(i) = 7*i**2 + 45*i - 3. Let m be k(32). Suppose 2*g + h = m, 114*g - 117*g = -h - 12910. Is g a prime number?
False
Suppose -12*l + 12227 = -5389. Suppose 0 = o - k - l, -4*o + 7*o + 5*k - 4380 = 0. Is o a composite number?
True
Suppose 6*w = 2*z + w + 14, -3*z + 25 = 4*w. Suppose 16407 = b + u + 3475, -3*b + z*u = -38778. Is b a composite number?
True
Let p(k) = 386*k**3 + 2*k**2 - 2*k. Let q = -31 + 35. Suppose -5*y = 3*i + 2*i + 15, 3*i + 8 = -q*y. Is p(y) composite?
True
Suppose 36*g = 16*g + 1494260. Is g a prime number?
True
Suppose 0 = 33*i - 7543681 - 8550122. Is i prime?
True
Let t(u) = 607*u**2 - 84*u + 1098. Is t(13) prime?
False
Let j(a) = 2208*a - 4. Let i(r) be the third derivative of -r**4/24 - r**3/6 - 35*r**2. Let q(h) = -3*i(h) + j(h). Is q(2) composite?
False
Let q = 41 - 45. Let p be 7/((-7)/q) - -49. Suppose -n = -2*n + p. Is n composite?
False
Suppose c - 54 = -3*c - 2*g, c - 17 = 3*g. Let n(u) = 464*u + 99. Is n(c) a prime number?
False
Suppose 3*z = 4*z + 2*c - 249705, 4*z + 3*c = 998815. Is z a prime number?
True
Let z(g) = -g**3 - 4*g**2 - 4*g - 3. Let s be z(-3). Suppose -14 = -2*n - 4. Suppose 0 = -n*r - 4*i + 3219, s*i = -3*i - 12. Is r prime?
True
Let f(v) = 9*v**3 + 2*v**2 - 5*v + 2. Let o be f(3). Let k be 3/54*4 + o/18. Let j = k + 8. Is j a composite number?
True
Suppose 36*q = 12*q + 17*q + 937643. Is q a prime number?
True
Suppose -431*l + 424*l = -345079. Is l a prime number?
True
Suppose 0 = 5*q + 4*d - 616022, 3*q - d = 4*d + 369628. Is q a prime number?
False
Is 7140 + (-84)/60*5 prime?
False
Let f(i) = -137*i + 10. Let y be f(-7). Suppose 10291 = 23*c - 27061. Let u = c - y. Is u a composite number?
True
Let q be 5833/(-114) + (-1 - 14/(-12)). Let s = q - -53. Suppose -3*h = s*p - 1771, -4*p - 319 = -h + 248. Is h prime?
True
Suppose 57*n - 2891229 = 1042095 + 1448673. Is n a composite number?
False
Suppose d + 2 = 4*v + 11, 3*d + 2*v - 13 = 0. Suppose -2*l + s = -37893, 0 = d*l - s - 39134 - 55600. Is l a prime number?
True
Let j(u) = 6*u**2 - 34*u + 13. Let o be j(5). Is (-239)/o + (-6)/(-7) prime?
False
Let v = -227 - -230. Suppose 4*a + f - 1170 = 0, -1176 = -4*a + v*f - f. Is a composite?
False
Let o(g) = -g - 18. Let d be o(-21). Suppose -p - d = -9. Is 1*2 + (37*54)/p composite?
True
Let p be -1*0/((-1)/(6/(-24))). Suppose 4*g + 8*g - 217068 = p. Is g a prime number?
True
Suppose 39*z = 613 + 323. Suppose 28*d - z*d = 16852. Is d composite?
True
Let l(a) = 75*a**3 - 28*a**2 + 34*a - 389. Is l(10) composite?
True
Suppose 16259 = 39*b + 4809 - 11716. Let q be 2 - 0 - -7*192. Suppose 4*h - b - q = 0. Is h a composite number?
True
Is (215347425/(-570))/((-10)/4) a composite number?
False
Let w be (8/(-4) - -8)/(-2). Suppose -q - 2*c - 8 = 0, -5*q - 2 - 10 = 3*c. Is -37*(w - q/(-5)) a prime number?
False
Suppose -g + 2*i = -177667, -31 = -5*i - 6. Is g a composite number?
False
Is (-1691668)/(-8)*((-11 + 5)*1 - -8) prime?
False
Let q(b) be the second derivative of -1259*b**5/10 + b**4/12 + b**3/6 + 7*b**2/2 - b - 42. Is q(-2) a composite number?
True
Suppose -32*m + 282 + 70 = 0. Is (m/(-22))/((-1)/4) + 24905 a prime number?
True
Suppose 17*q - 20*q - 3*b = -213813, -4*b = -5*q + 356319. Is q a prime number?
False
Let x = -6740 - -2897. Let f = 6772 + x. Is f a composite number?
True
Let q be ((-4)/28 + 1)/(4/(-28)). Is q + (10576/(-20))/((-1)/5) prime?
False
Suppose 18914 = 126*t - 133*t. Let c = 384 - t. Is c a prime number?
False
Let i = 1683 + -870. Suppose i + 642 = 5*k. Suppose -z = -k - 1340. Is z composite?
True
Let y(v) = 2*v**3 + 6*v**2 - 5*v + 10. Let c be y(-5). Is 52/c - 8607/(-15) composite?
True
Suppose -1 = 4*i - 9, 2785 = -z - 5*i. Let x = 2804 - z. Is x prime?
False
Let p be ((-16)/(-6))/((-2)/(-3)). Let f be p - (-32)/(-4) - -285. Suppose -3*v + 2*h + 280 = 4*h, 3*v + h = f. Is v a composite number?
True
Let h(w) = -26*w**2 + 56*w + 398. Let v(s) = 5*s**2 - 11*s - 79. Let n(b) = 2*h(b) + 11*v(b). Is n(-23) a prime number?
True
Let z(u) = 80*u**2 - 152*u - 13. Is z(22) prime?
True
Let g be (9/3 - 7) + 7. Let h be 2/g + 6868/(-6). Let r = h - -1779. Is r prime?
False
Suppose -4*t = 4*y - 27324, -6*y + 4*t - 6816 = -7*y. Suppose y = -18*c + 16970. Is c a prime number?
True
Let p(m) = 5*m**2 + 4*m - 17. Let k = -21 - -82. Let n = -75 + k. Is p(n) a composite number?
False
Let j(o) = -19*o + 2. Suppose -5*c - 5*n = -95 - 0, -2*c + 3*n + 13 = 0. Suppose -c*x - 15 = -11*x. Is j(x) a composite number?
False
Let v(o) = 1228*o**2 + 58*o - 603. Is v(10) a prime number?
True
Suppose 4*l + l - 4*p = 10558, 4*p = -2*l + 4240. Suppose 751 = 2*c + k, l - 632 = 4*c - 2*k. Is c prime?
True
Let l = 245 + -384. Suppose -2*x + 5*x - 1036 = 5*r, 5*r = 2*x - 684. Let v = x + l. Is v a composite number?
True
Suppose -p - p = 8046. Let x =